rue
Is 471 a factor of 109743?
True
Is 5508 a multiple of 34?
True
Is 143 a factor of 65923?
True
Is 2160 a multiple of 24?
True
Is 15 a factor of 90?
True
Does 13 divide 608?
False
Is 5720 a multiple of 22?
True
Is 129 a multiple of 11?
False
Does 15 divide 2730?
True
Does 9 divide 2198?
False
Does 94 divide 1598?
True
Does 9 divide 2363?
False
Does 28 divide 20934?
False
Does 16 divide 55904?
True
Is 47 a factor of 4337?
False
Does 30 divide 1018?
False
Does 86 divide 2290?
False
Is 1540 a multiple of 84?
False
Is 3785 a multiple of 6?
False
Does 2 divide 81?
False
Is 26661 a multiple of 57?
False
Is 8 a factor of 248?
True
Is 7807 a multiple of 19?
False
Is 588 a multiple of 14?
True
Is 759 a multiple of 11?
True
Does 62 divide 81096?
True
Does 20 divide 4008?
False
Is 16 a factor of 226?
False
Does 16 divide 307?
False
Does 55 divide 2475?
True
Does 6 divide 534?
True
Is 215 a factor of 131795?
True
Is 4653 a multiple of 33?
True
Does 5 divide 108?
False
Is 2005 a multiple of 62?
False
Is 6 a factor of 2071?
False
Is 1209 a multiple of 93?
True
Is 31 a factor of 1416?
False
Is 744 a multiple of 24?
True
Is 18 a factor of 190?
False
Is 63 a factor of 315?
True
Does 313 divide 25215?
False
Does 38 divide 1938?
True
Is 139589 a multiple of 49?
False
Does 130 divide 5191?
False
Is 20 a factor of 557?
False
Does 13 divide 1963?
True
Is 5 a factor of 485?
True
Is 40248 a multiple of 52?
True
Is 199 a factor of 52822?
False
Is 4 a factor of 3132?
True
Does 23 divide 716?
False
Is 135 a multiple of 33?
False
Is 4725 a multiple of 105?
True
Is 20 a factor of 2145?
False
Is 7778 a multiple of 162?
False
Does 28 divide 481?
False
Does 60 divide 667?
False
Does 4 divide 14864?
True
Is 22 a factor of 1162?
False
Does 4 divide 6548?
True
Is 1190 a multiple of 10?
True
Does 24 divide 7290?
False
Is 292 a multiple of 29?
False
Is 2848 a multiple of 4?
True
Does 105 divide 11445?
True
Does 3 divide 261?
True
Does 95 divide 459?
False
Is 28 even?
True
Is 625 a multiple of 25?
True
Is 7 a factor of 2292?
False
Does 2 divide 115?
False
Does 26 divide 5921?
False
Is 16 a factor of 488?
False
Does 10 divide 5189?
False
Is 20301 a multiple of 4?
False
Is 4 a factor of 344?
True
Is 55 a factor of 31006?
False
Does 105 divide 226?
False
Does 66 divide 13813?
False
Is 37 a factor of 851?
True
Is 46206 a multiple of 34?
True
Is 44 a factor of 12364?
True
Is 521 a multiple of 13?
False
Is 1155 a multiple of 33?
True
Is 981 a multiple of 140?
False
Does 46 divide 11436?
False
Does 12 divide 1391?
False
Is 17417 a multiple of 31?
False
Is 2199 even?
False
Does 15 divide 13605?
True
Is 13755 a multiple of 4?
False
Is 7 a factor of 32417?
True
Is 16 a factor of 16?
True
Does 31 divide 1944?
False
Does 16 divide 304?
True
Is 15 a factor of 13140?
True
Is 14679 a multiple of 9?
True
Is 24 a factor of 142741?
False
Does 14 divide 6225?
False
Is 79 a factor of 3545?
False
Is 15 a factor of 3285?
True
Does 36 divide 447?
False
Does 188 divide 16561?
False
Is 187 a factor of 48246?
True
Does 3 divide 35736?
True
Is 27 a factor of 13851?
True
Is 84 a factor of 25253?
False
Is 735 a multiple of 14?
False
Is 11 a factor of 154?
True
Does 52 divide 1159?
False
Is 69 a factor of 175?
False
Is 159 a factor of 32197?
False
Does 47 divide 2679?
True
Is 7830 a multiple of 174?
True
Does 24 divide 886?
False
Is 606 a multiple of 109?
False
Does 64 divide 1152?
True
Is 7 a factor of 656?
False
Is 1192 a multiple of 4?
True
Is 764 a multiple of 2?
True
Is 10332 a multiple of 5?
False
Is 69 a factor of 4347?
True
Is 5358 a multiple of 94?
True
Is 36 a factor of 46830?
False
Does 6 divide 5153?
False
Does 143 divide 1382?
False
Is 92 a factor of 13574?
False
Does 26 divide 29068?
True
Does 83 divide 71961?
True
Does 4 divide 2680?
True
Does 70 divide 22198?
False
Does 56 divide 6609?
False
Does 7 divide 18823?
True
Does 119 divide 15459?
False
Is 13 a factor of 109632?
False
Is 13 a factor of 3488?
False
Is 1947 a multiple of 33?
True
Does 36 divide 12222?
False
Is 5250 a multiple of 70?
True
Is 82 a factor of 8672?
False
Is 68 a factor of 1972?
True
Does 55 divide 7627?
False
Does 3 divide 5467?
False
Does 18 divide 25827?
False
Is 70 a factor of 1330?
True
Does 8 divide 853?
False
Does 101 divide 19291?
True
Is 288 a multiple of 16?
True
Does 5 divide 302?
False
Is 66 a factor of 4092?
True
Is 61 a factor of 1629?
False
Is 4032 a multiple of 12?
True
Is 12 a factor of 150?
False
Does 44 divide 13112?
True
Does 74 divide 2094?
False
Is 102 a factor of 54971?
False
Is 1122 a multiple of 22?
True
Does 4 divide 80?
True
Is 53 a factor of 11960?
False
Is 1649 a multiple of 17?
True
Is 37 a factor of 2146?
True
Is 17 a factor of 2713?
False
Is 15752 a multiple of 22?
True
Does 27 divide 4209?
False
Does 187 divide 51425?
True
Is 219 a factor of 51348?
False
Does 3 divide 78?
True
Does 38 divide 1740?
False
Does 22 divide 7282?
True
Is 39824 a multiple of 16?
True
Does 15 divide 1485?
True
Is 7209 a multiple of 81?
True
Does 32 divide 8128?
True
Does 15 divide 3261?
False
Is 93 a factor of 812?
False
Does 10 divide 4450?
True
Is 867 a multiple of 10?
False
Is 1148 a multiple of 17?
False
Does 13 divide 39?
True
Does 98 divide 5978?
True
Is 6090 a multiple of 18?
False
Does 102 divide 3060?
True
Is 455 a multiple of 4?
False
Is 673 a multiple of 64?
False
Does 15 divide 8231?
False
Does 9 divide 20866?
False
Does 8 divide 245?
False
Does 33 divide 73887?
True
Is 28 a factor of 61?
False
Is 6 a factor of 40?
False
Does 42 divide 109242?
True
Is 24 a factor of 226?
False
Is 686 a multiple of 22?
False
Does 7 divide 2761?
False
Does 56 divide 531?
False
Is 11 a factor of 7084?
True
Is 3412 a multiple of 41?
False
Is 3276 a multiple of 18?
True
Does 17 divide 7598?
False
Is 47809 a multiple of 21?
False
Is 1224 a multiple of 10?
False
Does 48 divide 20064?
True
Is 125 a factor of 46250?
True
Does 26 divide 65?
False
Does 37 divide 1554?
True
Is 5 a factor of 4662?
False
Is 2299 a multiple of 11?
True
Is 10031 a multiple of 147?
False
Is 19 a factor of 6611?
False
Is 9 a factor of 288?
True
Does 4 divide 1116?
True
Is 12 a factor of 9240?
True
Is 840 a multiple of 20?
True
Is 1863 a multiple of 23?
True
Is 912 a multiple of 16?
True
Is 27 a factor of 766?
False
Is 9945 a multiple of 33?
False
Is 31 a factor of 1837?
False
Is 361 a multiple of 31?
False
Is 38 a factor of 47918?
True
Does 21 divide 3276?
True
Does 18 divide 1117?
False
Does 6 divide 17179?
False
Is 21 a factor of 546?
True
Is 1588 a multiple of 73?
False
Does 16 divide 1904?
True
Is 12 a factor of 1992?
True
Does 39 divide 78?
True
Does 46 divide 42200?
False
Is 3948 a multiple of 21?
True
Does 46 divide 8905?
False
Does 6 divide 8371?
False
Is 140 a multiple of 7?
True
Does 14 divide 3247?
False
Does 4 divide 6312?
True
Is 7385 a multiple of 35?
True
Is 46 a factor of 6430?
False
Does 4 divide 19046?
False
Does 73 divide 22855?
False
Is 827 even?
False
Is 23501 a multiple of 226?
False
Is 28078 a multiple of 202?
True
Is 1443 a multiple of 13?
True
Is 13 a multiple of 13?
True
Is 6 a factor of 5466?
True
Is 1323 a multiple of 65?
False
Is 1347 a multiple of 32?
False
Is 7 a factor of 2513?
True
Is 1221 a multiple of 17?
False
Does 24 divide 17471?
False
Is 12 a factor of 181?
False
Does 95 divide 4455?
False
Is 804 a multiple of 2?
True
Does 75 divide 319?
False
Is 125 a multiple of 29?
False
Is 1290 a multiple of 45?
False
Does 20 divide 59484?
False
Is 9 a factor of 5288?
False
Is 945 a multiple of 35?
True
Is 2243 a multiple of 25?
False
Is 31099 a multiple of 137?
True
Is 5535 a multiple of 135?
True
Is 325 a factor of 60775?
True
Does 37 divide 9879?
True
Is 2 a factor of 913?
False
Does 10 divide 5060?
True
Is 27 a factor of 567?
True
Is 28 a factor of 459?
False
Is 307 a multiple of 6?
False
Is 357 a multiple of 7?
True
Is 188 a multiple of 3?
False
Is 63 a factor of 12348?
True
Is 49877 a multiple of 113?
False
Does 13 divide 996?
False
Is 796 a multiple of 43?
False
Is 3319 a multiple of 26?
False
Does 215 divide 54584?
False
Is 2 a factor of 350?
True
Does 10 divide 10680?
True
Does 27 divide 3726?
True
Is 13842 a multiple of 6?
True
Is 126 a factor of 828?
False
Is 59 a factor of 177?
True
Is 420 a multiple of 12?
True
